{"id":318,"date":"2018-11-11T10:21:05","date_gmt":"2018-11-11T10:21:05","guid":{"rendered":"http:\/\/www.tampereenyritys.com\/?page_id=318"},"modified":"2024-09-30T17:57:37","modified_gmt":"2024-09-30T17:57:37","slug":"kuvagalleria","status":"publish","type":"page","link":"https:\/\/www.tampereenyritys.fi\/?page_id=318","title":{"rendered":"Erityisryhmien j\u00e4\u00e4kiekon kuvagalleria"},"content":{"rendered":"<h3>Kuvia vuosina 2010\u20132024 seurassamme toimineen erityisryhmien j\u00e4\u00e4kiekkotoiminnasta.<\/h3>\n\n<div class=\"wp-block-image\">\n<figure class=\"aligncenter size-full is-resized\"><img fetchpriority=\"high\" decoding=\"async\" width=\"3029\" height=\"1675\" src=\"https:\/\/www.tampereenyritys.fi\/wp-content\/uploads\/2020\/01\/IMG_20160213_103346-1.jpg\" alt=\"\" class=\"wp-image-743\" style=\"width:757px;height:419px\" srcset=\"https:\/\/www.tampereenyritys.fi\/wp-content\/uploads\/2020\/01\/IMG_20160213_103346-1.jpg 3029w, https:\/\/www.tampereenyritys.fi\/wp-content\/uploads\/2020\/01\/IMG_20160213_103346-1-300x166.jpg 300w, https:\/\/www.tampereenyritys.fi\/wp-content\/uploads\/2020\/01\/IMG_20160213_103346-1-768x425.jpg 768w, https:\/\/www.tampereenyritys.fi\/wp-content\/uploads\/2020\/01\/IMG_20160213_103346-1-1024x566.jpg 1024w\" sizes=\"(max-width: 767px) 89vw, (max-width: 1000px) 54vw, (max-width: 1071px) 543px, 580px\" \/><\/figure>\n<\/div>\n\n\n<p class=\"has-drop-cap wp-block-paragraph\">Koulukadun kentt\u00e4 on tekoj\u00e4\u00e4rata Tampereen keskustan l\u00e4hell\u00e4 Pyynikin kaupunginosassa. Alun perin paikalla oli kolme Tampereen Tennisseuran tenniskentt\u00e4\u00e4. Ilves sai Tennisseuralta luvan j\u00e4\u00e4dytt\u00e4\u00e4 kent\u00e4t talvisaikaan ja rakensi paikalle j\u00e4\u00e4kiekkokent\u00e4n harjoituksiaan ja otteluitaan varten loppuvuodesta 1934. Tuolloin kentt\u00e4\u00e4 ymp\u00e4r\u00f6i vain j\u00e4\u00e4pallokent\u00e4n kaltainen matala reunus, eik\u00e4 katsomorakennelmiakaan ollut. Ilves yll\u00e4piti kentt\u00e4\u00e4 ja myi j\u00e4\u00e4aikaa my\u00f6s muille seuroille. Kentt\u00e4\u00e4 kutsuttiin l\u00e4heisen oppilaitoksen mukaan Talouskoulun tai kansanomaisemmin Soppakoulun kent\u00e4ksi. Varsinainen korkealaitainen kiekkokaukalo sek\u00e4 katsomo rakennettiin Koulukadulle syksyll\u00e4 1945. Uusitun kent\u00e4n avausottelu pelattiin 14. joulukuuta. Kent\u00e4n \u00e4\u00e4relle mahtui aluksi 4 500 katsojaa. Koulukadun SM-sarjan-yleis\u00f6enn\u00e4tys on vuodelta 1964 ottelusta Tappara\u2013Lukko, 10 655 katsojaa.<br><br>Vuonna 1956 Koulukadulle rakennettiin Suomen ensimm\u00e4inen tekoj\u00e4\u00e4rata. Sit\u00e4 olivat rakentamassa Tampereen kaupunki, paikallisten j\u00e4\u00e4kiekkoseurojen pelaajat ja naapurissa sijainnut virvoitusjuomatehdas Pyynikki Oy, jonka kylm\u00e4laitteet huolehtivat kent\u00e4n j\u00e4\u00e4dytyksest\u00e4. Tekoj\u00e4\u00e4ll\u00e4 on sanottu olleen ratkaiseva merkitys koko Suomen j\u00e4\u00e4kiekkoilun ammattilaistumiselle, kun peli- ja harjoittelumahdollisuudet lis\u00e4\u00e4ntyiv\u00e4t kauden pidetess\u00e4 ja j\u00e4\u00e4varmuuden parantuessa. Vuosien varrella kent\u00e4ll\u00e4 vieraili useita ulkomaalaisia joukkueita. Kanadan ja Neuvostoliiton maajoukkueiden vierailut ker\u00e4siv\u00e4t katsomoihin jopa yli 10 000 katsojaa. Kun vahvat tamperelaisjoukkueet Ilves, KOOVEE ja Tappara siirtyiv\u00e4t vuonna 1965 valmistuneeseen Hakamets\u00e4n j\u00e4\u00e4halliin, Koulukadulle j\u00e4iv\u00e4t pelaamaan alemmilla sarjatasoilla pelaavat joukkueet. Nyky\u00e4\u00e4n, kun Tampereelle on rakennettu useita j\u00e4\u00e4halleja, Koulukadun kentt\u00e4 on etup\u00e4\u00e4ss\u00e4 yleis\u00f6luisteluk\u00e4yt\u00f6ss\u00e4 ja l\u00e4heisten koulujen liikuntatuntien pitopaikkana. L\u00e4hteen\u00e4:&nbsp;<a href=\"https:\/\/fi.wikipedia.org\/wiki\/Koulukadun_kentt%C3%A4\">https:\/\/fi.wikipedia.org\/wiki\/Koulukadun_kentt%C3%A4<\/a>&nbsp;<\/p>\n\n\n\n<figure class=\"wp-block-gallery has-nested-images columns-default is-cropped wp-block-gallery-1 is-layout-flex wp-block-gallery-is-layout-flex\">\n<figure class=\"wp-block-image size-large\"><a href=\"https:\/\/www.tampereenyritys.fi\/wp-content\/uploads\/2020\/01\/IMG_3956.jpg\"><img decoding=\"async\" width=\"724\" height=\"1024\" data-id=\"745\" src=\"https:\/\/www.tampereenyritys.fi\/wp-content\/uploads\/2020\/01\/IMG_3956-724x1024.jpg\" alt=\"\" class=\"wp-image-745\" srcset=\"https:\/\/www.tampereenyritys.fi\/wp-content\/uploads\/2020\/01\/IMG_3956-724x1024.jpg 724w, https:\/\/www.tampereenyritys.fi\/wp-content\/uploads\/2020\/01\/IMG_3956-212x300.jpg 212w, https:\/\/www.tampereenyritys.fi\/wp-content\/uploads\/2020\/01\/IMG_3956-768x1086.jpg 768w, https:\/\/www.tampereenyritys.fi\/wp-content\/uploads\/2020\/01\/IMG_3956.jpg 1486w\" sizes=\"(max-width: 724px) 100vw, 724px\" \/><\/a><figcaption class=\"wp-element-caption\">Maalivahdit Lauri ja Saku<\/figcaption><\/figure>\n\n\n\n<figure class=\"wp-block-image size-large\"><a href=\"https:\/\/www.tampereenyritys.fi\/wp-content\/uploads\/2020\/01\/IMG_20170121_102745.jpg\"><img decoding=\"async\" width=\"1024\" height=\"768\" data-id=\"748\" src=\"https:\/\/www.tampereenyritys.fi\/wp-content\/uploads\/2020\/01\/IMG_20170121_102745-1024x768.jpg\" alt=\"\" class=\"wp-image-748\" srcset=\"https:\/\/www.tampereenyritys.fi\/wp-content\/uploads\/2020\/01\/IMG_20170121_102745-1024x768.jpg 1024w, https:\/\/www.tampereenyritys.fi\/wp-content\/uploads\/2020\/01\/IMG_20170121_102745-300x225.jpg 300w, https:\/\/www.tampereenyritys.fi\/wp-content\/uploads\/2020\/01\/IMG_20170121_102745-768x576.jpg 768w\" sizes=\"(max-width: 767px) 89vw, (max-width: 1000px) 54vw, (max-width: 1071px) 543px, 580px\" \/><\/a><\/figure>\n\n\n\n<figure class=\"wp-block-image size-large\"><a href=\"https:\/\/www.tampereenyritys.fi\/wp-content\/uploads\/2020\/01\/IMG_20180318_171858.jpg\"><img loading=\"lazy\" decoding=\"async\" width=\"768\" height=\"1024\" data-id=\"753\" src=\"https:\/\/www.tampereenyritys.fi\/wp-content\/uploads\/2020\/01\/IMG_20180318_171858-768x1024.jpg\" alt=\"\" class=\"wp-image-753\" srcset=\"https:\/\/www.tampereenyritys.fi\/wp-content\/uploads\/2020\/01\/IMG_20180318_171858-768x1024.jpg 768w, https:\/\/www.tampereenyritys.fi\/wp-content\/uploads\/2020\/01\/IMG_20180318_171858-225x300.jpg 225w\" sizes=\"(max-width: 767px) 89vw, (max-width: 1000px) 54vw, (max-width: 1071px) 543px, 580px\" \/><\/a><figcaption class=\"wp-element-caption\">Peli Kangasalaa vastaan<\/figcaption><\/figure>\n\n\n\n<figure class=\"wp-block-image size-large\"><a href=\"https:\/\/www.tampereenyritys.fi\/wp-content\/uploads\/2020\/01\/IMG_20180318_171916.jpg\"><img loading=\"lazy\" decoding=\"async\" width=\"1024\" height=\"768\" data-id=\"754\" src=\"https:\/\/www.tampereenyritys.fi\/wp-content\/uploads\/2020\/01\/IMG_20180318_171916-1024x768.jpg\" alt=\"\" class=\"wp-image-754\" srcset=\"https:\/\/www.tampereenyritys.fi\/wp-content\/uploads\/2020\/01\/IMG_20180318_171916-1024x768.jpg 1024w, https:\/\/www.tampereenyritys.fi\/wp-content\/uploads\/2020\/01\/IMG_20180318_171916-300x225.jpg 300w, https:\/\/www.tampereenyritys.fi\/wp-content\/uploads\/2020\/01\/IMG_20180318_171916-768x576.jpg 768w\" sizes=\"(max-width: 767px) 89vw, (max-width: 1000px) 54vw, (max-width: 1071px) 543px, 580px\" \/><\/a><figcaption class=\"wp-element-caption\">Peli Kangasalaa vastaan<\/figcaption><\/figure>\n\n\n\n<figure class=\"wp-block-image size-large\"><a href=\"https:\/\/www.tampereenyritys.fi\/wp-content\/uploads\/2020\/01\/IMG_20180318_171941.jpg\"><img loading=\"lazy\" decoding=\"async\" width=\"1024\" height=\"768\" data-id=\"755\" src=\"https:\/\/www.tampereenyritys.fi\/wp-content\/uploads\/2020\/01\/IMG_20180318_171941-1024x768.jpg\" alt=\"\" class=\"wp-image-755\" srcset=\"https:\/\/www.tampereenyritys.fi\/wp-content\/uploads\/2020\/01\/IMG_20180318_171941-1024x768.jpg 1024w, https:\/\/www.tampereenyritys.fi\/wp-content\/uploads\/2020\/01\/IMG_20180318_171941-300x225.jpg 300w, https:\/\/www.tampereenyritys.fi\/wp-content\/uploads\/2020\/01\/IMG_20180318_171941-768x576.jpg 768w\" sizes=\"(max-width: 767px) 89vw, (max-width: 1000px) 54vw, (max-width: 1071px) 543px, 580px\" \/><\/a><figcaption class=\"wp-element-caption\">Peli Kangasalaa vastaan<\/figcaption><\/figure>\n\n\n\n<figure class=\"wp-block-image size-large\"><a href=\"https:\/\/www.tampereenyritys.fi\/wp-content\/uploads\/2020\/01\/IMG_2273.jpg\"><img loading=\"lazy\" decoding=\"async\" width=\"1024\" height=\"768\" data-id=\"744\" src=\"https:\/\/www.tampereenyritys.fi\/wp-content\/uploads\/2020\/01\/IMG_2273-1024x768.jpg\" alt=\"\" class=\"wp-image-744\" srcset=\"https:\/\/www.tampereenyritys.fi\/wp-content\/uploads\/2020\/01\/IMG_2273-1024x768.jpg 1024w, https:\/\/www.tampereenyritys.fi\/wp-content\/uploads\/2020\/01\/IMG_2273-300x225.jpg 300w, https:\/\/www.tampereenyritys.fi\/wp-content\/uploads\/2020\/01\/IMG_2273-768x576.jpg 768w\" sizes=\"(max-width: 767px) 89vw, (max-width: 1000px) 54vw, (max-width: 1071px) 543px, 580px\" \/><\/a><\/figure>\n\n\n\n<figure class=\"wp-block-image size-large\"><a href=\"https:\/\/www.tampereenyritys.fi\/wp-content\/uploads\/2020\/01\/IMG_20160213_103555.jpg\"><img loading=\"lazy\" decoding=\"async\" width=\"1024\" height=\"768\" data-id=\"746\" src=\"https:\/\/www.tampereenyritys.fi\/wp-content\/uploads\/2020\/01\/IMG_20160213_103555-1024x768.jpg\" alt=\"\" class=\"wp-image-746\" srcset=\"https:\/\/www.tampereenyritys.fi\/wp-content\/uploads\/2020\/01\/IMG_20160213_103555-1024x768.jpg 1024w, https:\/\/www.tampereenyritys.fi\/wp-content\/uploads\/2020\/01\/IMG_20160213_103555-300x225.jpg 300w, https:\/\/www.tampereenyritys.fi\/wp-content\/uploads\/2020\/01\/IMG_20160213_103555-768x576.jpg 768w\" sizes=\"(max-width: 767px) 89vw, (max-width: 1000px) 54vw, (max-width: 1071px) 543px, 580px\" \/><\/a><\/figure>\n\n\n\n<figure class=\"wp-block-image size-large\"><a href=\"https:\/\/www.tampereenyritys.fi\/wp-content\/uploads\/2020\/01\/IMG_20170121_102027.jpg\"><img loading=\"lazy\" decoding=\"async\" width=\"1024\" height=\"768\" data-id=\"747\" src=\"https:\/\/www.tampereenyritys.fi\/wp-content\/uploads\/2020\/01\/IMG_20170121_102027-1024x768.jpg\" alt=\"\" class=\"wp-image-747\" srcset=\"https:\/\/www.tampereenyritys.fi\/wp-content\/uploads\/2020\/01\/IMG_20170121_102027-1024x768.jpg 1024w, https:\/\/www.tampereenyritys.fi\/wp-content\/uploads\/2020\/01\/IMG_20170121_102027-300x225.jpg 300w, https:\/\/www.tampereenyritys.fi\/wp-content\/uploads\/2020\/01\/IMG_20170121_102027-768x576.jpg 768w\" sizes=\"(max-width: 767px) 89vw, (max-width: 1000px) 54vw, (max-width: 1071px) 543px, 580px\" \/><\/a><\/figure>\n\n\n\n<figure class=\"wp-block-image size-large\"><a href=\"https:\/\/www.tampereenyritys.fi\/wp-content\/uploads\/2020\/01\/IMG_20170121_104457.jpg\"><img loading=\"lazy\" decoding=\"async\" width=\"1024\" height=\"768\" data-id=\"749\" src=\"https:\/\/www.tampereenyritys.fi\/wp-content\/uploads\/2020\/01\/IMG_20170121_104457-1024x768.jpg\" alt=\"\" class=\"wp-image-749\" srcset=\"https:\/\/www.tampereenyritys.fi\/wp-content\/uploads\/2020\/01\/IMG_20170121_104457-1024x768.jpg 1024w, https:\/\/www.tampereenyritys.fi\/wp-content\/uploads\/2020\/01\/IMG_20170121_104457-300x225.jpg 300w, https:\/\/www.tampereenyritys.fi\/wp-content\/uploads\/2020\/01\/IMG_20170121_104457-768x576.jpg 768w\" sizes=\"(max-width: 767px) 89vw, (max-width: 1000px) 54vw, (max-width: 1071px) 543px, 580px\" \/><\/a><\/figure>\n\n\n\n<figure class=\"wp-block-image size-large\"><a href=\"https:\/\/www.tampereenyritys.fi\/wp-content\/uploads\/2020\/01\/IMG_20170225_104222.jpg\"><img loading=\"lazy\" decoding=\"async\" width=\"768\" height=\"1024\" data-id=\"750\" src=\"https:\/\/www.tampereenyritys.fi\/wp-content\/uploads\/2020\/01\/IMG_20170225_104222-768x1024.jpg\" alt=\"\" class=\"wp-image-750\" srcset=\"https:\/\/www.tampereenyritys.fi\/wp-content\/uploads\/2020\/01\/IMG_20170225_104222-768x1024.jpg 768w, https:\/\/www.tampereenyritys.fi\/wp-content\/uploads\/2020\/01\/IMG_20170225_104222-225x300.jpg 225w\" sizes=\"(max-width: 767px) 89vw, (max-width: 1000px) 54vw, (max-width: 1071px) 543px, 580px\" \/><\/a><\/figure>\n\n\n\n<figure class=\"wp-block-image size-large\"><a href=\"https:\/\/www.tampereenyritys.fi\/wp-content\/uploads\/2020\/01\/IMG_20180224_101616.jpg\"><img loading=\"lazy\" decoding=\"async\" width=\"1024\" height=\"768\" data-id=\"751\" src=\"https:\/\/www.tampereenyritys.fi\/wp-content\/uploads\/2020\/01\/IMG_20180224_101616-1024x768.jpg\" alt=\"\" class=\"wp-image-751\" srcset=\"https:\/\/www.tampereenyritys.fi\/wp-content\/uploads\/2020\/01\/IMG_20180224_101616-1024x768.jpg 1024w, https:\/\/www.tampereenyritys.fi\/wp-content\/uploads\/2020\/01\/IMG_20180224_101616-300x225.jpg 300w, https:\/\/www.tampereenyritys.fi\/wp-content\/uploads\/2020\/01\/IMG_20180224_101616-768x576.jpg 768w\" sizes=\"(max-width: 767px) 89vw, (max-width: 1000px) 54vw, (max-width: 1071px) 543px, 580px\" \/><\/a><figcaption class=\"wp-element-caption\">Uudet pelipaidat<\/figcaption><\/figure>\n\n\n\n<figure class=\"wp-block-image size-large\"><a href=\"https:\/\/www.tampereenyritys.fi\/wp-content\/uploads\/2020\/01\/IMG_20180224_101640_1.jpg\"><img loading=\"lazy\" decoding=\"async\" width=\"1024\" height=\"768\" data-id=\"752\" src=\"https:\/\/www.tampereenyritys.fi\/wp-content\/uploads\/2020\/01\/IMG_20180224_101640_1-1024x768.jpg\" alt=\"\" class=\"wp-image-752\" srcset=\"https:\/\/www.tampereenyritys.fi\/wp-content\/uploads\/2020\/01\/IMG_20180224_101640_1-1024x768.jpg 1024w, https:\/\/www.tampereenyritys.fi\/wp-content\/uploads\/2020\/01\/IMG_20180224_101640_1-300x225.jpg 300w, https:\/\/www.tampereenyritys.fi\/wp-content\/uploads\/2020\/01\/IMG_20180224_101640_1-768x576.jpg 768w\" sizes=\"(max-width: 767px) 89vw, (max-width: 1000px) 54vw, (max-width: 1071px) 543px, 580px\" \/><\/a><figcaption class=\"wp-element-caption\">Uudet pelipaidat<\/figcaption><\/figure>\n<\/figure>\n\n\n\n<p class=\"wp-block-paragraph\"><\/p>\n","protected":false},"excerpt":{"rendered":"<p>Kuvia vuosina 2010\u20132024 seurassamme toimineen erityisryhmien j\u00e4\u00e4kiekkotoiminnasta. Koulukadun kentt\u00e4 on tekoj\u00e4\u00e4rata Tampereen keskustan l\u00e4hell\u00e4 Pyynikin kaupunginosassa. Alun perin paikalla oli kolme Tampereen Tennisseuran tenniskentt\u00e4\u00e4. Ilves sai Tennisseuralta luvan j\u00e4\u00e4dytt\u00e4\u00e4 kent\u00e4t &hellip; <\/p>\n<p class=\"link-more\"><a href=\"https:\/\/www.tampereenyritys.fi\/?page_id=318\" class=\"more-link\">Jatka lukemista<span class=\"screen-reader-text\"> &#8221;Erityisryhmien j\u00e4\u00e4kiekon kuvagalleria&#8221;<\/span><\/a><\/p>\n","protected":false},"author":4,"featured_media":0,"parent":0,"menu_order":0,"comment_status":"closed","ping_status":"closed","template":"","meta":{"_crdt_document":"","footnotes":""},"class_list":["post-318","page","type-page","status-publish","hentry"],"_links":{"self":[{"href":"https:\/\/www.tampereenyritys.fi\/index.php?rest_route=\/wp\/v2\/pages\/318","targetHints":{"allow":["GET"]}}],"collection":[{"href":"https:\/\/www.tampereenyritys.fi\/index.php?rest_route=\/wp\/v2\/pages"}],"about":[{"href":"https:\/\/www.tampereenyritys.fi\/index.php?rest_route=\/wp\/v2\/types\/page"}],"author":[{"embeddable":true,"href":"https:\/\/www.tampereenyritys.fi\/index.php?rest_route=\/wp\/v2\/users\/4"}],"replies":[{"embeddable":true,"href":"https:\/\/www.tampereenyritys.fi\/index.php?rest_route=%2Fwp%2Fv2%2Fcomments&post=318"}],"version-history":[{"count":9,"href":"https:\/\/www.tampereenyritys.fi\/index.php?rest_route=\/wp\/v2\/pages\/318\/revisions"}],"predecessor-version":[{"id":1990,"href":"https:\/\/www.tampereenyritys.fi\/index.php?rest_route=\/wp\/v2\/pages\/318\/revisions\/1990"}],"wp:attachment":[{"href":"https:\/\/www.tampereenyritys.fi\/index.php?rest_route=%2Fwp%2Fv2%2Fmedia&parent=318"}],"curies":[{"name":"wp","href":"https:\/\/api.w.org\/{rel}","templated":true}]}}