{"id":128,"date":"2018-07-02T13:02:06","date_gmt":"2018-07-02T13:02:06","guid":{"rendered":"http:\/\/www.tampereenyritys.com\/?page_id=128"},"modified":"2026-04-25T12:34:20","modified_gmt":"2026-04-25T12:34:20","slug":"uutiset","status":"publish","type":"page","link":"https:\/\/www.tampereenyritys.fi\/?page_id=128","title":{"rendered":"Yhteystiedot"},"content":{"rendered":"\n<p class=\"wp-block-paragraph\"><strong>Hiihtojaosto<\/strong> <strong>2026<\/strong><\/p>\n\n\n\n<div class=\"wp-block-columns is-layout-flex wp-container-core-columns-is-layout-8f761849 wp-block-columns-is-layout-flex\">\n<div class=\"wp-block-column is-layout-flow wp-block-column-is-layout-flow\" style=\"flex-basis:100%\">\n<figure class=\"wp-block-table\"><table class=\"has-fixed-layout\"><tbody><tr><td>Puheenjohtaja:<\/td><td>Jeri Koponen<\/td><td>+358 45 65O 2324 \/ jjerii@hotmail.fi<\/td><\/tr><tr><td>Rahastonhoitaja:<\/td><td>Marco-Tapio Niemi<\/td><td><\/td><\/tr><tr><td>J\u00e4sen:<\/td><td>Joona Koponen<\/td><td><\/td><\/tr><tr><td>J\u00e4sen:<\/td><td>Otto Ruusunen<\/td><td><\/td><\/tr><tr><td>J\u00e4sen:<\/td><td>Mika Koponen<\/td><td><\/td><\/tr><tr><td>J\u00e4sen:<\/td><td>Tapio Niemi<\/td><td><\/td><\/tr><tr><td><\/td><td><\/td><td><\/td><\/tr><tr><td><\/td><td><\/td><td><\/td><\/tr><\/tbody><\/table><\/figure>\n<\/div>\n<\/div>\n\n\n\n<p class=\"wp-block-paragraph\"><\/p>\n\n\n\n<p class=\"wp-block-paragraph\">Facebook : <a href=\"https:\/\/www.facebook.com\/Tampereenyrityshiihto\">https:\/\/www.facebook.com\/Tampereenyrityshiihto<\/a><\/p>\n\n\n\n<p class=\"wp-block-paragraph\">Instagram :<a href=\" https:\/\/www.instagram.com\/tampereenyritys\/?hl=fi\"> https:\/\/www.instagram.com\/tampereenyritys\/?hl=fi<\/a><\/p>\n","protected":false},"excerpt":{"rendered":"<p>Hiihtojaosto 2026 Puheenjohtaja: Jeri Koponen +358 45 65O 2324 \/ jjerii@hotmail.fi Rahastonhoitaja: Marco-Tapio Niemi J\u00e4sen: Joona Koponen J\u00e4sen: Otto Ruusunen J\u00e4sen: Mika Koponen J\u00e4sen: Tapio Niemi Facebook : https:\/\/www.facebook.com\/Tampereenyrityshiihto Instagram &hellip; <\/p>\n<p class=\"link-more\"><a href=\"https:\/\/www.tampereenyritys.fi\/?page_id=128\" class=\"more-link\">Jatka lukemista<span class=\"screen-reader-text\"> &#8221;Yhteystiedot&#8221;<\/span><\/a><\/p>\n","protected":false},"author":1,"featured_media":0,"parent":65,"menu_order":2,"comment_status":"closed","ping_status":"closed","template":"","meta":{"_crdt_document":"{\"document\":\"AAAH\/tGszhiZAs0BCBqEAgKaJgECDAIBAgoCkgEC1gFKALgBAQIKSg4CAQIKSg4CAQIKAQEIAwJCAQMqAkIBAyYCQgEC1AGqAgMBQgEDLgJCAQMwAQPiAbABAwFCAQMaAkIBAygBA8YBlAEDAUIBAxoCQgEDKAEDxgGUAQMBQgEDGgJCAQMmAQPEAZIBAwFCAQMaAkIBAyQBA8IBkAEDAAEEDgEEDgEDYC4DAAEEDgEEDgED\/ApKYLgLAQIKAEoAEgECCgJCSgC+AwECCgJCSv4RngHKKLQ8AgSyKsoouQIoAycABAAnAAQAgQCEACcAKAQnACgEJwAHACgDJwEEAIQBKAAnAIcAKAMnACgAJwAHACgDJwAoACcABwAoAycAKAAnAgcAJwAHACcABAAoBIcAJwAEACgEhwAnAAQAKASHACcABwAnAAQAKASHACcABAAoBIcAJwAoBIcAJwAHACcABAAoBIcAJwAEACgEhwAnACgEhwAnAAcAJwAEACgEhwAnAAQAKASHACcAKASHACcABwAnAAQAKASHACcABAAoBIcAJwAoBIcAJwAHACcABAAoBIcAJwAEACgEhwAnACgEhwAnAAcAJwAoBIcAJwAoBIcAJwAoBIcAJwAHACcAKASHACcAKASHACcAKAQnAYcAKAMnASgAJwCHACgDJwEEACgAJwCHACgDJwEEACgAJwAhAagAxAGo\/Rz7GnN0YXRldmVyc2lvbmRvY3VtZW50ZGF0ZWRvY3VtZW50c2x1Z2RvY3VtZW50c3RhdHVzZG9jdW1lbnR0aXRsZVlodGV5c3RpZWRvdGRvY3VtZW50Y29udGVudDwhLS0gd3A6cGFyYWdyYXBoIC0tPgo8cD48c3Ryb25nPkhpaWh0b2phb3N0bzwvc3Ryb25nPiA8c3Ryb25nPjIwMjwvc3Ryb25nPjwvcD4KPCEtLSAvd3A6cGFyYWdyYXBoIC0tPgoKPCEtLSB3cDpjb2x1bW5zIC0tPgo8ZGl2IGNsYXNzPSJ3cC1ibG9jay1jb2x1bW5zIj48IS0tIHdwOmNvbHVtbiB7IndpZHRoIjoiMTAwJSJ9IC0tPgo8ZGl2IGNsYXNzPSJ3cC1ibG9jay1jb2x1bW4iIHN0eWxlPSJmbGV4LWJhc2lzOjEwMCUiPjwhLS0gd3A6dGFibGUgLS0+CjxmaWd1cmUgY2xhc3M9IndwLWJsb2NrLXRhYmxlIj48dGFibGUgY2xhc3M9Imhhcy1maXhlZC1sYXlvdXQiPjx0Ym9keT48dHI+PHRkPlB1aGVlbmpvaHRhamE6PC90ZD48dGQ+SmVyaSBLb3BvbmVuPC90ZD48dGQ+KzM1OCA0NSA2NU8gMjMyNCAvIGpqZXJpaUBob3RtYWlsLmZpPC90ZD48L3RyPjx0cj48dGQ+UmFoYXN0b25ob2l0YWphOjwvdGQ+PHRkPk1hcmNvLVRhcGlvIE5pZW1pPC90ZD48dGQ+PC90ZD48L3RyPjx0cj48dGQ+SsOkc2VuOjwvdGQ+PHRkPkpvb25hIEtvcG9uZW48L3RkPjx0ZD48L3RkPjwvdHI+PHRyPjx0ZD5Kw6RzZW46PC90ZD48dGQ+T3R0byBSdXVzdW5lbjwvdGQ+PHRkPjwvdGQ+PC90cj48dHI+PHRkPkrDpHNlbjo8L3RkPjx0ZD5NaWthIEtvcG9uZW48L3RkPjx0ZD48L3RkPjwvdHI+PHRyPjx0ZD5Kw6RzZW46PC90ZD48dGQ+VGFwaW8gTmllbWk8L3RkPjx0ZD48L3RkPjwvdHI+PHRyPjx0ZD48L3RkPjx0ZD48L3RkPjx0ZD48L3RkPjwvdHI+PHRyPjx0ZD48L3RkPjx0ZD48L3RkPjx0ZD48L3RkPjwvdHI+PC90Ym9keT48L3RhYmxlPjwvZmlndXJlPgo8IS0tIC93cDp0YWJsZSAtLT48L2Rpdj4KPCEtLSAvd3A6Y29sdW1uIC0tPjwvZGl2Pgo8IS0tIC93cDpjb2x1bW5zIC0tPgoKPCEtLSB3cDpwYXJhZ3JhcGggLS0+CjxwPjwvcD4KPCEtLSAvd3A6cGFyYWdyYXBoIC0tPgoKPCEtLSB3cDpwYXJhZ3JhcGggLS0+CjxwPkZhY2Vib29rIDogPGEgaHJlZj0iaHR0cHM6Ly93d3cuZmFjZWJvb2suY29tL1RhbXBlcmVlbnlyaXR5c2hpaWh0byI+aHR0cHM6Ly93d3cuZmFjZWJvb2suY29tL1RhbXBlcmVlbnlyaXR5c2hpaWh0bzwvYT48L3A+CjwhLS0gL3dwOnBhcmFncmFwaCAtLT4KCjwhLS0gd3A6cGFyYWdyYXBoIC0tPgo8cD5JbnN0YWdyYW0gOjxhIGhyZWY9IiBodHRwczovL3d3dy5pbnN0YWdyYW0uY29tL3RhbXBlcmVlbnlyaXR5cy8\/aGw9ZmkiPiBodHRwczovL3d3dy5pbnN0YWdyYW0uY29tL3RhbXBlcmVlbnlyaXR5cy8\/aGw9Zmk8L2E+PC9wPgo8IS0tIC93cDpwYXJhZ3JhcGggLS0+ZG9jdW1lbnRleGNlcnB0ZG9jdW1lbnRhdXRob3Jkb2N1bWVudGZlYXR1cmVkX21lZGlhZG9jdW1lbnRjb21tZW50X3N0YXR1c2RvY3VtZW50cGluZ19zdGF0dXNkb2N1bWVudHRlbXBsYXRlZG9jdW1lbnRtZXRhZm9vdG5vdGVzX2VsZW1lbnRvcl9lZGl0X21vZGVfZWxlbWVudG9yX3RlbXBsYXRlX3R5cGVfZWxlbWVudG9yX2RhdGFfZWxlbWVudG9yX3BhZ2Vfc2V0dGluZ3Nkb2N1bWVudGJsb2Nrc2NsaWVudElkaXNWYWxpZG9yaWdpbmFsQ29udGVudG5hbWVhdHRyaWJ1dGVzY29udGVudDxzdHJvbmc+SGlpaHRvamFvc3RvPC9zdHJvbmc+IDxzdHJvbmc+MjAyNTwvc3Ryb25nPmRyb3BDYXBpbm5lckJsb2Nrc2NsaWVudElkaXNWYWxpZG9yaWdpbmFsQ29udGVudG5hbWVhdHRyaWJ1dGVzaXNTdGFja2VkT25Nb2JpbGVpbm5lckJsb2Nrc2NsaWVudElkaXNWYWxpZG9yaWdpbmFsQ29udGVudG5hbWVhdHRyaWJ1dGVzd2lkdGhpbm5lckJsb2Nrc2NsaWVudElkaXNWYWxpZG9yaWdpbmFsQ29udGVudG5hbWVhdHRyaWJ1dGVzaGFzRml4ZWRMYXlvdXRjYXB0aW9uaGVhZGJvZHljZWxsc2NvbnRlbnRQdWhlZW5qb2h0YWphOnRhZ3Njb3BlYWxpZ25jb2xzcGFucm93c3BhbmNvbnRlbnRKZXJpIEtvcG9uZW50YWdzY29wZWFsaWduY29sc3BhbnJvd3NwYW5jb250ZW50KzM1OCA0NSA2NU8gMjMyNCAvIGpqZXJpaUBob3RtYWlsLmZpdGFnc2NvcGVhbGlnbmNvbHNwYW5yb3dzcGFuY2VsbHNjb250ZW50UmFoYXN0b25ob2l0YWphOnRhZ3Njb3BlYWxpZ25jb2xzcGFucm93c3BhbmNvbnRlbnRNYXJjby1UYXBpbyBOaWVtaXRhZ3Njb3BlYWxpZ25jb2xzcGFucm93c3BhbmNvbnRlbnR0YWdzY29wZWFsaWduY29sc3BhbnJvd3NwYW5jZWxsc2NvbnRlbnRKw6RzZW46dGFnc2NvcGVhbGlnbmNvbHNwYW5yb3dzcGFuY29udGVudEpvb25hIEtvcG9uZW50YWdzY29wZWFsaWduY29sc3BhbnJvd3NwYW5jb250ZW50dGFnc2NvcGVhbGlnbmNvbHNwYW5yb3dzcGFuY2VsbHNjb250ZW50SsOkc2VuOnRhZ3Njb3BlYWxpZ25jb2xzcGFucm93c3BhbmNvbnRlbnRPdHRvIFJ1dXN1bmVudGFnc2NvcGVhbGlnbmNvbHNwYW5yb3dzcGFuY29udGVudHRhZ3Njb3BlYWxpZ25jb2xzcGFucm93c3BhbmNlbGxzY29udGVudErDpHNlbjp0YWdzY29wZWFsaWduY29sc3BhbnJvd3NwYW5jb250ZW50TWlrYSBLb3BvbmVudGFnc2NvcGVhbGlnbmNvbHNwYW5yb3dzcGFuY29udGVudHRhZ3Njb3BlYWxpZ25jb2xzcGFucm93c3BhbmNlbGxzY29udGVudErDpHNlbjp0YWdzY29wZWFsaWduY29sc3BhbnJvd3NwYW5jb250ZW50VGFwaW8gTmllbWl0YWdzY29wZWFsaWduY29sc3BhbnJvd3NwYW5jb250ZW50dGFnc2NvcGVhbGlnbmNvbHNwYW5yb3dzcGFuY2VsbHNjb250ZW50dGFnc2NvcGVhbGlnbmNvbHNwYW5yb3dzcGFuY29udGVudHRhZ3Njb3BlYWxpZ25jb2xzcGFucm93c3BhbmNvbnRlbnR0YWdzY29wZWFsaWduY29sc3BhbnJvd3NwYW5jZWxsc2NvbnRlbnR0YWdzY29wZWFsaWduY29sc3BhbnJvd3NwYW5jb250ZW50dGFnc2NvcGVhbGlnbmNvbHNwYW5yb3dzcGFuY29udGVudHRhZ3Njb3BlYWxpZ25jb2xzcGFucm93c3BhbmZvb3Rpbm5lckJsb2Nrc2NsaWVudElkaXNWYWxpZG9yaWdpbmFsQ29udGVudG5hbWVhdHRyaWJ1dGVzY29udGVudGRyb3BDYXBpbm5lckJsb2Nrc2NsaWVudElkaXNWYWxpZG9yaWdpbmFsQ29udGVudG5hbWVhdHRyaWJ1dGVzY29udGVudEZhY2Vib29rIDogPGEgaHJlZj0iaHR0cHM6Ly93d3cuZmFjZWJvb2suY29tL1RhbXBlcmVlbnlyaXR5c2hpaWh0byI+aHR0cHM6Ly93d3cuZmFjZWJvb2suY29tL1RhbXBlcmVlbnlyaXR5c2hpaWh0bzwvYT5kcm9wQ2FwaW5uZXJCbG9ja3NjbGllbnRJZGlzVmFsaWRvcmlnaW5hbENvbnRlbnRuYW1lYXR0cmlidXRlc2NvbnRlbnRJbnN0YWdyYW0gOjxhIGhyZWY9IiBodHRwczovL3d3dy5pbnN0YWdyYW0uY29tL3RhbXBlcmVlbnlyaXR5cy8\/aGw9ZmkiPiBodHRwczovL3d3dy5pbnN0YWdyYW0uY29tL3RhbXBlcmVlbnlyaXR5cy8\/aGw9Zmk8L2E+ZHJvcENhcGlubmVyQmxvY2tzc3RhdGVzYXZlZEF0c3RhdGVzYXZlZEJ5NjYFBwgECAQIBggFDAgHggGGEwgHCAYIDggOCAtIAQQJFBgPGAgGCAcPBAoHKQEJBwsIBw8EChELCAcPBAoFCwgHDwQKDgdEAAUHDgNFAEcBDANFAEcBJANFAEcABQcQA0UARwERA0UARwEDRQBHAAUHBgNFAEcBDQNFAEcBA0UARwAFBwYDRQBHAQ0DRQBHAQNFAEcABQcGA0UARwEMA0UARwEDRQBHAAUHBgNFAEcBCwNFAEcBA0UARwAFBwNFAEcBA0UARwEDRQBHAAUHA0UARwEDRQBHAQNFAEcABAsIBw8ECkcACwgHDwQKB7YBBwsIBw8ECge8AQcLBQcFB0EAEgEEAAABAAAAAQYABAEAAOwBAWFCAQEAQQACAEEAAEEAAEEAAkAAAQABAgECAQIBAAECAQIBAgEAAQIBAgECAQABAgECAQIBAAECAQIBAgEAAQIBAgECAQABAgECAQIBAAECAQIBAkAAQQACAEEAAgBBAAIAA0GtAQGoAgB9AXcTMjAxOC0wNy0wMlQxMzowMjowNncHdXV0aXNldHcHcHVibGlzaH0BfQB3BmNsb3NlZHcGY2xvc2VkdwB3AHcAdwB3AH53JDQ4ZDE3MDY5LWViZTYtNGJiNC1iZTA1LWZhODExOTRmOWIwNHh3OjxwPjxzdHJvbmc+SGlpaHRvamFvc3RvPC9zdHJvbmc+IDxzdHJvbmc+MjAyNTwvc3Ryb25nPjwvcD53DmNvcmUvcGFyYWdyYXBoeXckNzRmOWQ0MzgtZTgwOS00ODllLTg2YTctZDY5ZDQyZTUwNGEweHckPGRpdiBjbGFzcz0id3AtYmxvY2stY29sdW1ucyI+PC9kaXY+dwxjb3JlL2NvbHVtbnN4dyQxMTFkN2Y3Zi0xNDY1LTQ1MWEtYmVmMC1hNzM0MGRkMmNhNjB4dzs8ZGl2IGNsYXNzPSJ3cC1ibG9jay1jb2x1bW4iIHN0eWxlPSJmbGV4LWJhc2lzOjEwMCUiPjwvZGl2PncLY29yZS9jb2x1bW53BDEwMCV3JDMyNjQzNDFjLWQ5YWMtNGEyOS05OWQ5LTcyZjk4YWU4OTZhMXh3qwQ8ZmlndXJlIGNsYXNzPSJ3cC1ibG9jay10YWJsZSI+PHRhYmxlIGNsYXNzPSJoYXMtZml4ZWQtbGF5b3V0Ij48dGJvZHk+PHRyPjx0ZD5QdWhlZW5qb2h0YWphOjwvdGQ+PHRkPkplcmkgS29wb25lbjwvdGQ+PHRkPiszNTggNDUgNjVPIDIzMjQgLyBqamVyaWlAaG90bWFpbC5maTwvdGQ+PC90cj48dHI+PHRkPlJhaGFzdG9uaG9pdGFqYTo8L3RkPjx0ZD5NYXJjby1UYXBpbyBOaWVtaTwvdGQ+PHRkPjwvdGQ+PC90cj48dHI+PHRkPkrDpHNlbjo8L3RkPjx0ZD5Kb29uYSBLb3BvbmVuPC90ZD48dGQ+PC90ZD48L3RyPjx0cj48dGQ+SsOkc2VuOjwvdGQ+PHRkPk90dG8gUnV1c3VuZW48L3RkPjx0ZD48L3RkPjwvdHI+PHRyPjx0ZD5Kw6RzZW46PC90ZD48dGQ+TWlrYSBLb3BvbmVuPC90ZD48dGQ+PC90ZD48L3RyPjx0cj48dGQ+SsOkc2VuOjwvdGQ+PHRkPlRhcGlvIE5pZW1pPC90ZD48dGQ+PC90ZD48L3RyPjx0cj48dGQ+PC90ZD48dGQ+PC90ZD48dGQ+PC90ZD48L3RyPjx0cj48dGQ+PC90ZD48dGQ+PC90ZD48dGQ+PC90ZD48L3RyPjwvdGJvZHk+PC90YWJsZT48L2ZpZ3VyZT53CmNvcmUvdGFibGV4dwJ0ZH9\/f393AnRkf39\/f3cCdGR\/f39\/dwJ0ZH9\/f393AnRkf39\/f3cCdGR\/f39\/dwJ0ZH9\/f393AnRkf39\/f3cCdGR\/f39\/dwJ0ZH9\/f393AnRkf39\/f3cCdGR\/f39\/dwJ0ZH9\/f393AnRkf39\/f3cCdGR\/f39\/dwJ0ZH9\/f393AnRkf39\/f3cCdGR\/f39\/dwJ0ZH9\/f393AnRkf39\/f3cCdGR\/f39\/dwJ0ZH9\/f393AnRkf39\/f3cCdGR\/f39\/dyRkYmZjMGQ5MS03N2Y4LTQ4ODYtOGJlNi05YzNkM2YwZjNmNGR4dwc8cD48L3A+dw5jb3JlL3BhcmFncmFwaHl3JGE2ZTJjMDM0LTJiMGQtNGRkNC1iNmQxLTEwNmMwMGNkMzA3NHh3fTxwPkZhY2Vib29rIDogPGEgaHJlZj0iaHR0cHM6Ly93d3cuZmFjZWJvb2suY29tL1RhbXBlcmVlbnlyaXR5c2hpaWh0byI+aHR0cHM6Ly93d3cuZmFjZWJvb2suY29tL1RhbXBlcmVlbnlyaXR5c2hpaWh0bzwvYT48L3A+dw5jb3JlL3BhcmFncmFwaHl3JDc2MTU4MmM2LTQ2NGMtNDQzMy04MDBhLWJlZmFjNzM0NzVjMHh3gwE8cD5JbnN0YWdyYW0gOjxhIGhyZWY9IiBodHRwczovL3d3dy5pbnN0YWdyYW0uY29tL3RhbXBlcmVlbnlyaXR5cy8\/aGw9ZmkiPiBodHRwczovL3d3dy5pbnN0YWdyYW0uY29tL3RhbXBlcmVlbnlyaXR5cy8\/aGw9Zmk8L2E+PC9wPncOY29yZS9wYXJhZ3JhcGh5dyQzNzBhMjAwMi1hNDY4LTQ1NTQtYmM4NS05OWZmYThjZjIwODR7QnncSh0HIAB7Qeicso\/AAAAB\/qiWpwwEVADUCQAuAJQFAQ==\",\"updateId\":663617864}","footnotes":""},"class_list":["post-128","page","type-page","status-publish","hentry"],"_links":{"self":[{"href":"https:\/\/www.tampereenyritys.fi\/index.php?rest_route=\/wp\/v2\/pages\/128","targetHints":{"allow":["GET"]}}],"collection":[{"href":"https:\/\/www.tampereenyritys.fi\/index.php?rest_route=\/wp\/v2\/pages"}],"about":[{"href":"https:\/\/www.tampereenyritys.fi\/index.php?rest_route=\/wp\/v2\/types\/page"}],"author":[{"embeddable":true,"href":"https:\/\/www.tampereenyritys.fi\/index.php?rest_route=\/wp\/v2\/users\/1"}],"replies":[{"embeddable":true,"href":"https:\/\/www.tampereenyritys.fi\/index.php?rest_route=%2Fwp%2Fv2%2Fcomments&post=128"}],"version-history":[{"count":26,"href":"https:\/\/www.tampereenyritys.fi\/index.php?rest_route=\/wp\/v2\/pages\/128\/revisions"}],"predecessor-version":[{"id":2382,"href":"https:\/\/www.tampereenyritys.fi\/index.php?rest_route=\/wp\/v2\/pages\/128\/revisions\/2382"}],"up":[{"embeddable":true,"href":"https:\/\/www.tampereenyritys.fi\/index.php?rest_route=\/wp\/v2\/pages\/65"}],"wp:attachment":[{"href":"https:\/\/www.tampereenyritys.fi\/index.php?rest_route=%2Fwp%2Fv2%2Fmedia&parent=128"}],"curies":[{"name":"wp","href":"https:\/\/api.w.org\/{rel}","templated":true}]}}