{"id":124,"date":"2018-07-02T13:00:56","date_gmt":"2018-07-02T13:00:56","guid":{"rendered":"http:\/\/www.tampereenyritys.com\/?page_id=124"},"modified":"2020-05-15T13:41:24","modified_gmt":"2020-05-15T13:41:24","slug":"uutiset","status":"publish","type":"page","link":"https:\/\/www.tampereenyritys.fi\/?page_id=124","title":{"rendered":"Uutiset"},"content":{"rendered":"\n<figure class=\"wp-block-image size-large is-resized\"><img fetchpriority=\"high\" decoding=\"async\" src=\"https:\/\/www.tampereenyritys.fi\/wp-content\/uploads\/2019\/08\/Tomas-Pirkka-MTB-2018-681x1024.jpg\" alt=\"\" class=\"wp-image-637\" width=\"631\" height=\"948\" srcset=\"https:\/\/www.tampereenyritys.fi\/wp-content\/uploads\/2019\/08\/Tomas-Pirkka-MTB-2018-681x1024.jpg 681w, https:\/\/www.tampereenyritys.fi\/wp-content\/uploads\/2019\/08\/Tomas-Pirkka-MTB-2018-200x300.jpg 200w, https:\/\/www.tampereenyritys.fi\/wp-content\/uploads\/2019\/08\/Tomas-Pirkka-MTB-2018-768x1154.jpg 768w, https:\/\/www.tampereenyritys.fi\/wp-content\/uploads\/2019\/08\/Tomas-Pirkka-MTB-2018.jpg 1022w\" sizes=\"(max-width: 631px) 100vw, 631px\" \/><\/figure>\n\n\n\n<p class=\"wp-block-paragraph\"><strong>Rosendahl GP:n tilanne ja muut kilpailut <\/strong><br>T\u00e4ss\u00e4 on eletty toivossa, ett\u00e4 Rosendahl GP:n 40-vuotisjuhlakilpailu olisi pystytty ajamaan suunnitellun mukaisesti eli 17.5.2020.<br>Vallitsevista olosuhteista johtuen joudumme ik\u00e4v\u00e4ksemme ilmoittamaan, ett\u00e4 kilpailu siirtyy j\u00e4rjestett\u00e4v\u00e4ksi my\u00f6h\u00e4isemp\u00e4\u00e4n ajankohtaan!<\/p>\n\n\n\n<p class=\"wp-block-paragraph\">Tsemppi\u00e4 kaikille n\u00e4ist\u00e4 haasteellisista olosuhteista huolimatta!<\/p>\n\n\n\n<p class=\"wp-block-paragraph\">Pit\u00e4k\u00e4\u00e4 ketjut kireell\u00e4 ja motivaatio korkealla!<br>N\u00e4in me ainakin teemme!<\/p>\n","protected":false},"excerpt":{"rendered":"<p>Rosendahl GP:n tilanne ja muut kilpailut T\u00e4ss\u00e4 on eletty toivossa, ett\u00e4 Rosendahl GP:n 40-vuotisjuhlakilpailu olisi pystytty ajamaan suunnitellun mukaisesti eli 17.5.2020.Vallitsevista olosuhteista johtuen joudumme ik\u00e4v\u00e4ksemme ilmoittamaan, ett\u00e4 kilpailu siirtyy j\u00e4rjestett\u00e4v\u00e4ksi &hellip; <\/p>\n<p class=\"link-more\"><a href=\"https:\/\/www.tampereenyritys.fi\/?page_id=124\" class=\"more-link\">Jatka lukemista<span class=\"screen-reader-text\"> &#8221;Uutiset&#8221;<\/span><\/a><\/p>\n","protected":false},"author":1,"featured_media":0,"parent":63,"menu_order":1,"comment_status":"closed","ping_status":"closed","template":"","meta":{"_crdt_document":"","footnotes":""},"class_list":["post-124","page","type-page","status-publish","hentry"],"_links":{"self":[{"href":"https:\/\/www.tampereenyritys.fi\/index.php?rest_route=\/wp\/v2\/pages\/124","targetHints":{"allow":["GET"]}}],"collection":[{"href":"https:\/\/www.tampereenyritys.fi\/index.php?rest_route=\/wp\/v2\/pages"}],"about":[{"href":"https:\/\/www.tampereenyritys.fi\/index.php?rest_route=\/wp\/v2\/types\/page"}],"author":[{"embeddable":true,"href":"https:\/\/www.tampereenyritys.fi\/index.php?rest_route=\/wp\/v2\/users\/1"}],"replies":[{"embeddable":true,"href":"https:\/\/www.tampereenyritys.fi\/index.php?rest_route=%2Fwp%2Fv2%2Fcomments&post=124"}],"version-history":[{"count":6,"href":"https:\/\/www.tampereenyritys.fi\/index.php?rest_route=\/wp\/v2\/pages\/124\/revisions"}],"predecessor-version":[{"id":967,"href":"https:\/\/www.tampereenyritys.fi\/index.php?rest_route=\/wp\/v2\/pages\/124\/revisions\/967"}],"up":[{"embeddable":true,"href":"https:\/\/www.tampereenyritys.fi\/index.php?rest_route=\/wp\/v2\/pages\/63"}],"wp:attachment":[{"href":"https:\/\/www.tampereenyritys.fi\/index.php?rest_route=%2Fwp%2Fv2%2Fmedia&parent=124"}],"curies":[{"name":"wp","href":"https:\/\/api.w.org\/{rel}","templated":true}]}}

<figure class="wp-block-image size-large is-resized"><img fetchpriority="high" decoding="async" src="https://www.tampereenyritys.fi/wp-content/uploads/2019/08/Tomas-Pirkka-MTB-2018-681x1024.jpg" alt="" class="wp-image-637" width="631" height="948" srcset="https://www.tampereenyritys.fi/wp-content/uploads/2019/08/Tomas-Pirkka-MTB-2018-681x1024.jpg 681w, https://www.tampereenyritys.fi/wp-content/uploads/2019/08/Tomas-Pirkka-MTB-2018-200x300.jpg 200w, https://www.tampereenyritys.fi/wp-content/uploads/2019/08/Tomas-Pirkka-MTB-2018-768x1154.jpg 768w, https://www.tampereenyritys.fi/wp-content/uploads/2019/08/Tomas-Pirkka-MTB-2018.jpg 1022w" sizes="(max-width: 631px) 100vw, 631px" /></figure>



<p class="wp-block-paragraph"><strong>Rosendahl GP:n tilanne ja muut kilpailut </strong><br>Tässä on eletty toivossa, että Rosendahl GP:n 40-vuotisjuhlakilpailu olisi pystytty ajamaan suunnitellun mukaisesti eli 17.5.2020.<br>Vallitsevista olosuhteista johtuen joudumme ikäväksemme ilmoittamaan, että kilpailu siirtyy järjestettäväksi myöhäisempään ajankohtaan!</p>



<p class="wp-block-paragraph">Tsemppiä kaikille näistä haasteellisista olosuhteista huolimatta!</p>



<p class="wp-block-paragraph">Pitäkää ketjut kireellä ja motivaatio korkealla!<br>Näin me ainakin teemme!</p>

<p>Rosendahl GP:n tilanne ja muut kilpailut Tässä on eletty toivossa, että Rosendahl GP:n 40-vuotisjuhlakilpailu olisi pystytty ajamaan suunnitellun mukaisesti eli 17.5.2020.Vallitsevista olosuhteista johtuen joudumme ikäväksemme ilmoittamaan, että kilpailu siirtyy järjestettäväksi &hellip; </p>
<p class="link-more"><a href="https://www.tampereenyritys.fi/?page_id=124" class="more-link">Jatka lukemista<span class="screen-reader-text"> &#8221;Uutiset&#8221;</span></a></p>
